and 17824?
32
What is the highest common factor of 64 and 9376?
32
Calculate the greatest common divisor of 246 and 1014012.
246
What is the highest common factor of 235016 and 696?
232
What is the greatest common divisor of 42944 and 64?
64
Calculate the greatest common factor of 1131887 and 19.
19
What is the greatest common divisor of 237 and 52219?
79
Calculate the highest common factor of 484469 and 12643.
269
Calculate the greatest common factor of 18997 and 7139.
121
Calculate the highest common divisor of 308 and 315788.
44
What is the greatest common factor of 3248 and 219008?
464
What is the greatest common factor of 85228 and 26?
26
What is the highest common factor of 342507 and 5529?
291
Calculate the highest common factor of 73248 and 14824.
872
What is the highest common factor of 260 and 779740?
260
What is the greatest common factor of 47090 and 51?
17
Calculate the highest common factor of 1053790 and 20.
10
What is the greatest common divisor of 23547 and 47?
47
Calculate the greatest common divisor of 3360 and 117432.
168
Calculate the highest common factor of 11529 and 4137.
21
Calculate the greatest common divisor of 6314 and 418.
22
What is the greatest common divisor of 29724 and 60?
12
Calculate the highest common divisor of 570180 and 11868.
516
Calculate the highest common divisor of 219219 and 1183.
91
Calculate the highest common divisor of 349 and 5.
1
What is the highest common divisor of 406 and 7322?
14
What is the greatest common factor of 319 and 497?
1
What is the highest common factor of 520 and 31616?
104
Calculate the highest common factor of 9235661 and 97.
97
Calculate the highest common factor of 31995 and 4617.
81
Calculate the highest common factor of 180 and 30465.
45
What is the highest common divisor of 25218 and 888?
6
What is the greatest common divisor of 6 and 2685?
3
What is the highest common divisor of 14820 and 780?
780
Calculate the greatest common factor of 272168 and 104.
104
Calculate the greatest common factor of 2416 and 4208.
16
What is the highest common factor of 1037 and 310795?
61
What is the highest common factor of 9316 and 59228?
68
Calculate the highest common factor of 427 and 507459.
61
What is the greatest common divisor of 68985 and 1155?
105
What is the highest common divisor of 49252 and 154?
14
Calculate the highest common factor of 2350 and 1350.
50
Calculate the highest common factor of 5800 and 49590.
290
Calculate the highest common divisor of 10884503 and 31.
31
What is the highest common divisor of 635648 and 572?
52
What is the greatest common factor of 23716 and 31339?
847
Calculate the greatest common factor of 598 and 327626.
26
Calculate the highest common factor of 30 and 924915.
15
What is the greatest common divisor of 729419 and 428?
107
Calculate the highest common divisor of 276 and 188.
4
Calculate the highest common factor of 20 and 72745.
5
Calculate the greatest common factor of 25885 and 80.
5
Calculate the highest common divisor of 216821 and 506.
253
What is the greatest common factor of 6107 and 558?
31
What is the greatest common divisor of 145457 and 75985?
2171
Calculate the highest common divisor of 138700 and 114.
38
Calculate the greatest common factor of 1260 and 2628.
36
What is the highest common factor of 2082719 and 115?
23
What is the highest common divisor of 25126 and 34733?
739
What is the greatest common factor of 91552 and 32?
32
What is the highest common divisor of 6 and 384786?
6
What is the greatest common factor of 142974 and 130?
26
What is the highest common factor of 7252 and 1133125?
1813
Calculate the greatest common divisor of 35319 and 221757.
579
What is the highest common factor of 768278 and 14?
14
Calculate the highest common factor of 76 and 6441.
19
Calculate the greatest common factor of 135472 and 32.
16
What is the greatest common divisor of 210 and 305?
5
Calculate the highest common factor of 87498 and 486.
18
What is the greatest common factor of 408820 and 1280?
20
Calculate the highest common divisor of 679 and 1445203.
97
Calculate the highest common factor of 31493 and 44.
11
Calculate the highest common divisor of 334022 and 443.
443
What is the highest common factor of 338 and 178217?
13
Calculate the highest common divisor of 3923891 and 545.
109
Calculate the greatest common factor of 198342 and 1296.
54
What is the highest common divisor of 15 and 1092090?
15
What is the greatest common divisor of 10506 and 20?
2
What is the greatest common divisor of 122472 and 100359?
1701
What is the greatest common divisor of 129812 and 204?
68
What is the highest common divisor of 52505 and 10?
5
Calculate the greatest common divisor of 126 and 625422.
42
Calculate the greatest common divisor of 1080 and 3375.
135
Calculate the highest common divisor of 748 and 3332.
68
Calculate the highest common divisor of 582668 and 2030.
58
What is the greatest common divisor of 6215 and 151985?
565
What is the highest common divisor of 70 and 121205?
35
Calculate the greatest common divisor of 3345 and 892000.
1115
What is the highest common factor of 1586 and 106574?
26
What is the greatest common divisor of 17 and 898926?
17
What is the highest common factor of 3724 and 287812?
532
What is the greatest common divisor of 258 and 2946?
6
Calculate the greatest common divisor of 1030086 and 14418.
1602
What is the highest common factor of 1073963 and 979?
979
Calculate the highest common divisor of 1152 and 8067168.
288
What is the greatest common divisor of 3447670 and 109?
109
What is the highest common divisor of 12 and 112524?
12
Calculate the highest common factor of 2274 and 42827.
379
Calculate the highest common divisor of 1575673 and 11.
11
What is the highest common factor of 10 and 420890?
10
Calculate the highest common divisor of 740 and 7844.
148
Calculate the highest common factor of 11440 and 19888.
176
Calculate the highest common divisor of 441 and 2387133.
441
Calculate the highest common factor of 210 and 153795.
15
What is the greatest common factor of 1151447 and 22?
11
Calculate the highest common divisor of 1 and 8897.
1
Calculate the greatest common factor of 752420 and 100.
20
Calculate the greatest common divisor of 10104 and 8.
8
What is the highest common divisor of 1316 and 263284?
28
What is the greatest common divisor of 107067 and 5607?
267
Calculate the greatest common divisor of 17066 and 7567.
161
What is the highest common divisor of 330110 and 50?
10
What is the greatest common divisor of 73 and 58473?
73
What is the greatest common factor of 26912 and 736?
32
What is the greatest common factor of 38151 and 243?
243
What is the greatest common divisor of 625 and 145?
5
What is the highest common factor of 403 and 641917?
31
Calculate the greatest common factor of 3258746 and 249.
83
Calculate the greatest common factor of 9477 and 27.
27
What is the highest common divisor of 279 and 1521?
9
What is the highest common divisor of 88536 and 12308?
68
Calculate the greatest common divisor of 918 and 11484.
18
Calculate the highest common factor of 11 and 551221.
11
What is the highest common factor of 690 and 50?
10
Calculate the greatest common divisor of 11806000 and 2000.
2000
Calculate the highest common factor of 73490 and 90.
10
What is the highest common divisor of 21 and 133203?
21
Calculate the highest common divisor of 1616 and 256.
16
What is the greatest common factor of 363 and 196504?
121
What is the highest common factor of 847 and 11473?
77
Calculate the highest common divisor of 104 and 1020188.
52
What is the highest common factor of 686505 and 75?
15
Calculate the greatest common factor of 14832 and 295816.
824
What is the highest common factor of 74 and 825026?
74
What is the highest common divisor of 13720 and 960?
40
Calculate the highest common factor of 68 and 949484.
68
What is the greatest common divisor of 148511 and 7631?
587
Calculate the highest common divisor of 1195 and 584833.
239
What is the highest common factor of 836719 and 845?
169
Calculate the greatest common divisor of 96 and 55236.
12
What is the greatest common divisor of 15500697 and 291?
291
Calculate the greatest common factor of 1288 and 178664.
184
What is the greatest common factor